 of 21 and 2.
1
What is the greatest common factor of 1 and 7?
1
Calculate the greatest common factor of 20 and 5.
5
What is the highest common divisor of 638 and 58?
58
Calculate the greatest common divisor of 67828 and 124.
124
What is the greatest common divisor of 36 and 324?
36
What is the greatest common divisor of 950 and 50?
50
Calculate the highest common factor of 5889 and 39.
39
What is the highest common divisor of 10 and 32330?
10
Calculate the highest common divisor of 138 and 1150.
46
Calculate the highest common divisor of 30 and 290.
10
Calculate the highest common divisor of 132 and 891.
33
Calculate the greatest common factor of 36 and 132.
12
Calculate the highest common factor of 141 and 39.
3
Calculate the greatest common factor of 97 and 5141.
97
Calculate the greatest common divisor of 760 and 7885.
95
What is the greatest common divisor of 76 and 14516?
76
Calculate the highest common factor of 630 and 70.
70
Calculate the highest common divisor of 96 and 3048.
24
What is the highest common divisor of 304 and 15352?
152
Calculate the highest common factor of 22 and 5489.
11
Calculate the highest common divisor of 33 and 4191.
33
What is the greatest common divisor of 675 and 180?
45
What is the highest common factor of 45 and 6840?
45
What is the highest common divisor of 6 and 381?
3
Calculate the greatest common divisor of 285 and 45.
15
What is the greatest common divisor of 70 and 955?
5
What is the highest common divisor of 25 and 50?
25
Calculate the highest common factor of 13455 and 90.
45
Calculate the highest common factor of 66 and 297.
33
Calculate the greatest common divisor of 552 and 1311.
69
Calculate the highest common divisor of 2750 and 50.
50
Calculate the greatest common divisor of 6 and 171.
3
What is the highest common factor of 135 and 120?
15
What is the highest common factor of 4444 and 88?
44
What is the highest common divisor of 102 and 3774?
102
What is the greatest common factor of 4998 and 2352?
294
Calculate the highest common factor of 72 and 162.
18
What is the highest common divisor of 225 and 2400?
75
What is the greatest common divisor of 736 and 32?
32
What is the greatest common factor of 17819 and 865?
173
What is the greatest common divisor of 235 and 15?
5
What is the highest common divisor of 38 and 366?
2
Calculate the highest common factor of 4 and 358.
2
What is the greatest common factor of 5380 and 20?
20
Calculate the highest common divisor of 24 and 32.
8
What is the greatest common divisor of 1342 and 122?
122
Calculate the highest common factor of 780 and 140.
20
Calculate the greatest common divisor of 49 and 28.
7
What is the highest common divisor of 133 and 152?
19
Calculate the highest common divisor of 756 and 486.
54
Calculate the highest common divisor of 20 and 10.
10
What is the highest common divisor of 2062 and 16?
2
Calculate the greatest common factor of 165 and 15.
15
Calculate the highest common factor of 75 and 7875.
75
What is the greatest common divisor of 130 and 1040?
130
What is the greatest common factor of 11 and 42449?
11
What is the highest common divisor of 84 and 3759?
21
Calculate the greatest common divisor of 720 and 660.
60
Calculate the highest common divisor of 75 and 6.
3
What is the highest common factor of 72 and 2268?
36
What is the highest common factor of 8122 and 558?
62
Calculate the greatest common factor of 263 and 23407.
263
What is the highest common divisor of 882 and 1260?
126
What is the greatest common divisor of 1485 and 81?
27
What is the greatest common divisor of 138 and 46?
46
Calculate the greatest common divisor of 1890 and 2898.
126
What is the highest common divisor of 6788 and 8?
4
What is the highest common divisor of 1972 and 51?
17
Calculate the greatest common factor of 48 and 624.
48
What is the highest common factor of 648 and 1134?
162
What is the greatest common divisor of 1634 and 38?
38
What is the greatest common divisor of 6230 and 140?
70
Calculate the highest common divisor of 10404 and 136.
68
What is the greatest common factor of 116 and 290?
58
Calculate the greatest common divisor of 18 and 3141.
9
Calculate the greatest common divisor of 429 and 117.
39
Calculate the highest common factor of 11066 and 22.
22
Calculate the greatest common divisor of 5 and 170.
5
What is the greatest common divisor of 363 and 15367?
121
Calculate the highest common divisor of 182 and 208.
26
Calculate the highest common factor of 516 and 3956.
172
What is the greatest common divisor of 120 and 816?
24
Calculate the greatest common divisor of 85 and 29495.
85
What is the highest common divisor of 4536 and 120?
24
What is the highest common divisor of 11227 and 103?
103
Calculate the greatest common factor of 9984 and 240.
48
What is the greatest common divisor of 9 and 1899?
9
Calculate the greatest common factor of 2360 and 40.
40
Calculate the highest common divisor of 284 and 8.
4
Calculate the greatest common divisor of 299 and 78.
13
What is the greatest common divisor of 11 and 319?
11
What is the highest common factor of 78 and 663?
39
Calculate the greatest common divisor of 16 and 10848.
16
What is the highest common factor of 899 and 145?
29
Calculate the greatest common factor of 18 and 234.
18
What is the highest common divisor of 642 and 12?
6
What is the highest common factor of 30 and 30?
30
Calculate the greatest common divisor of 22 and 2035.
11
What is the highest common divisor of 130 and 416?
26
Calculate the greatest common divisor of 22 and 1826.
22
What is the greatest common divisor of 2548 and 294?
98
What is the greatest common divisor of 12 and 5196?
12
What is the highest common factor of 1010 and 2929?
101
Calculate the greatest common divisor of 1999 and 2.
1
Calculate the highest common factor of 504 and 2700.
36
Calculate the highest common factor of 1633 and 69.
23
What is the highest common factor of 30571 and 19?
19
What is the greatest common divisor of 10 and 115?
5
Calculate the greatest common divisor of 125 and 575.
25
What is the highest common divisor of 221 and 170?
17
What is the highest common divisor of 126 and 819?
63
Calculate the highest common divisor of 76 and 722.
38
Calculate the highest common factor of 3014 and 22.
22
What is the highest common divisor of 476 and 308?
28
What is the greatest common divisor of 71613 and 327?
327
Calculate the greatest common divisor of 6 and 801.
3
What is the greatest common factor of 592 and 1258?
74
Calculate the greatest common divisor of 45175 and 325.
325
What is the highest common divisor of 34664 and 56?
56
Calculate the highest common divisor of 1280 and 60.
20
What is the highest common divisor of 2 and 2?
2
Calculate the greatest common factor of 9 and 36027.
9
Calculate the highest common divisor of 20 and 35.
5
Calculate the highest common divisor of 309 and 135033.
309
What is the highest common divisor of 63 and 9?
9
What is the highest common factor of 28 and 1148?
28
What is the highest common divisor of 2561 and 91?
13
What is the highest common divisor of 7064 and 8?
8
What is the greatest common divisor of 143991 and 27?
27
What is the greatest common divisor of 36 and 90?
18
Calculate the highest common factor of 57 and 3.
3
What is the greatest common factor of 192 and 78?
6
What is the greatest common divisor of 496 and 372?
124
What is the highest common factor of 375 and 3?
3
Calculate the greatest common divisor of 6594 and 628.
314
Calculate the greatest common factor of 1298 and 44.
22
What is the highest common divisor of 53 and 1219?
53
Calculate the highest common factor of 150 and 36.
6
Calculate the highest common factor of 253 and 649.
11
Calculate the highest common factor of 1464 and 120.
24
Calculate the highest common divisor of 56 and 42.
14
Calculate the highest common divisor of 22640 and 16.
16
Calculate the highest common factor of 45 and 75.
15
What is the highest common divisor of 390 and 885?
15
Calculate the highest common factor of 16 and 2896.
16
Calculate the highest common divisor of 30611 and 7.
7
Calculate the highest common divisor of 15 and 115.
5
What is the greatest common divisor of 4 and 1412?
4
What is the greatest common divisor of 1593 and 54?
27
What is the